887. What is m(6)?
27
Let h(w) = -w**2 - 97*w + 4153. What is h(33)?
-137
Let z(q) = -q**3 - 56*q**2 + 31*q + 1396. Give z(-56).
-340
Let a(j) = -5*j**2 + 18007*j + 72052. What is a(-4)?
-56
Let s(x) = -371650*x + 3344888. Give s(9).
38
Let y(b) = -b**3 + 6*b**2 + 54*b - 185. What is y(13)?
-666
Let r(n) = -955*n + 343097. Give r(359).
252
Let d(i) = i**3 - 59*i**2 + 14*i - 836. Give d(59).
-10
Let f(s) = -9*s**2 + 7927*s + 195425. Determine f(-24).
-7
Let a(c) = -14528*c - 58355. What is a(-4)?
-243
Let x(o) = 53254*o + 159807. Calculate x(-3).
45
Let w(j) = j**2 + 1015*j - 55476. Determine w(52).
8
Let r(o) = 25*o**2 + 10030*o - 61073. Give r(6).
7
Let w(j) = -4*j**3 - 106*j**2 + 515*j - 67. Determine w(5).
-642
Let k(q) = 1080*q + 151271. What is k(-140)?
71
Let l(n) = 82*n - 5028. Determine l(37).
-1994
Let l(m) = -23*m + 458. Determine l(49).
-669
Let x(u) = u**2 + 73*u - 1130. Determine x(-86).
-12
Let z(k) = 823*k + 569547. What is z(-692)?
31
Let a(j) = 24*j - 3357. Give a(19).
-2901
Let x(y) = -16164*y - 242459. Determine x(-15).
1
Let i(g) = -g**3 - 5*g**2 - 1297*g - 7819. What is i(-6)?
-1
Let h(o) = -4*o**2 - 1187*o + 20789. Calculate h(17).
-546
Let o(j) = -j**2 - 1072*j - 77245. Determine o(-78).
287
Let f(k) = -2*k**3 + 371*k**2 - 101*k + 53373. Determine f(186).
-9
Let q(o) = 10*o**2 + 780*o - 747. Calculate q(-79).
43
Let s(k) = -65*k - 1591. Give s(-9).
-1006
Let c(v) = 2*v**3 - 2*v**2 - 244*v + 6. Determine c(-7).
930
Let c(b) = -2*b**2 - 154*b - 2614. Give c(-46).
238
Let v(r) = -r**3 - 26*r**2 - 37*r + 230. Calculate v(-22).
-892
Let n(r) = r**3 + 288*r**2 + 999*r + 41030. Determine n(-285).
-10
Let h(q) = -q**3 + 9*q**2 + 55*q + 360. Determine h(15).
-165
Let k(f) = 11481*f + 367535. Give k(-32).
143
Let d(z) = -11550*z - 34699. Calculate d(-3).
-49
Let r(q) = -2*q**2 + 2114*q - 14780. Calculate r(7).
-80
Let k(b) = -6*b**3 - 22*b**2 - 3029*b - 5984. Calculate k(-2).
34
Let j(u) = 2*u**3 - 7*u**2 - 1270*u - 9598. Give j(30).
2
Let i(y) = 2*y**3 + 115*y**2 + 472*y - 271. What is i(-53)?
-6
Let r(m) = 42*m**3 + 1218*m**2 + m + 48. Calculate r(-29).
19
Let i(r) = 90*r**2 - 13546*r - 6624. Calculate i(151).
20
Let o(d) = -51*d**2 + 1465*d - 10278. Determine o(7).
-2522
Let a(r) = 450*r + 47252. Give a(-105).
2
Let i(f) = 10*f**3 + 461*f**2 + 923*f - 18. Determine i(-44).
26
Let b(l) = -l**3 - 12*l**2 - 35*l + 392. What is b(4)?
-4
Let q(d) = d**3 - 2*d**2 - 2525*d + 12559. Give q(5).
9
Let w(a) = -1220*a**2 - 107361*a - 152. Calculate w(-88).
-64
Let k(w) = -w**2 - 2044*w - 78952. Calculate k(-39).
-757
Let f(c) = -954*c - 18451. Determine f(-19).
-325
Let m(p) = p**3 - 69*p**2 + 81*p - 597. What is m(68)?
287
Let i(c) = -5596*c**2 - 33554*c + 134. Calculate i(-6).
2
Let k(i) = -2*i**3 - 18*i**2 + 47*i + 240. What is k(-12)?
540
Let p(o) = -34*o**2 - 377*o - 370. Determine p(-10).
0
Let b(g) = -2*g**3 - 133*g**2 - 204*g - 461. Calculate b(-65).
124
Let j(v) = 3*v**3 + 6*v**2 + 372*v + 2691. Calculate j(-6).
27
Let d(f) = -f**3 - 15*f**2 + 65*f + 1241. What is d(-11)?
42
Let d(j) = 25*j**3 - 1399*j**2 + 30*j - 4807. What is d(56)?
9
Let t(m) = -6*m**3 - 341*m**2 - 603*m + 105. Give t(-55).
-5
Let g(u) = 51742*u - 155246. What is g(3)?
-20
Let i(g) = 24*g**2 + 4150*g - 400. Calculate i(-173).
-54
Let h(c) = -155*c + 9728. Determine h(63).
-37
Let v(z) = -2*z**3 - 1069*z**2 - 4763*z + 3311. Give v(-530).
-399
Let s(j) = -609*j**2 - 9761*j - 269. Give s(-16).
3
Let z(b) = -b**3 + 19*b**2 - 6855*b + 27170. What is z(4)?
-10
Let w(m) = -297*m + 5963. Give w(22).
-571
Let z(p) = -205*p**3 - 1249*p**2 - 109*p + 31. What is z(-6)?
1
Let t(a) = 2*a**2 + 276*a + 5038. Determine t(-21).
124
Let w(g) = 10907*g**2 - 250844*g - 385. Give w(23).
6
Let f(w) = w**2 - 53*w + 1. Determine f(56).
169
Let d(y) = 26*y**2 - 2303*y - 60. Determine d(89).
919
Let k(q) = 16*q**3 + 222*q**2 + 78*q + 1467. Calculate k(-14).
-17
Let v(x) = 2*x**3 + 31*x**2 + 121*x + 240. What is v(-11)?
-2
Let i(u) = 14*u**2 + 9*u + 61. Determine i(-4).
249
Let u(n) = 358*n**2 + 3584*n + 3. Give u(-10).
-37
Let b(y) = 28*y**2 + 2045*y - 40. What is b(-73)?
-113
Let b(y) = -3*y**2 - 182*y - 2754. Give b(-32).
-2
Let n(h) = -13*h**3 + h**2 - 136*h + 133. Calculate n(1).
-15
Let x(k) = 3280*k - 885609. Give x(270).
-9
Let k(q) = q**3 + 3*q**2 - 4689*q - 9372. Determine k(-2).
10
Let f(c) = -6*c**3 - 2*c**2 + 747*c + 1498. Give f(-2).
44
Let u(b) = 3103*b + 34064. Give u(-11).
-69
Let p(l) = 20*l**2 - 1690*l - 4346. Calculate p(87).
4
Let k(h) = 5594*h - 82187. Determine k(15).
1723
Let i(k) = -k**3 - 32*k**2 - 76*k - 2065. Give i(-32).
367
Let f(a) = a**3 - 10*a**2 + 106*a - 917. Give f(11).
370
Let u(v) = 105*v**2 + 915*v - 65. Give u(-10).
1285
Let z(w) = -43244*w + 2205447. What is z(51)?
3
Let d(n) = 32878*n + 460287. Calculate d(-14).
-5
Let g(c) = -48902*c + 880267. What is g(18)?
31
Let o(k) = -14546*k - 145481. Determine o(-10).
-21
Let t(f) = -2166*f - 60720. What is t(-28)?
-72
Let x(y) = -144*y**2 + 798*y - 908. Calculate x(4).
-20
Let g(k) = 85*k**2 - 36830*k + 47481. Determine g(432).
-39
Let b(c) = c**3 - 25*c**2 - 543*c + 81. Determine b(-14).
39
Let p(r) = r**3 + 197*r**2 + 47*r + 9268. Give p(-197).
9
Let y(u) = 1244*u - 6123. What is y(5)?
97
Let x(w) = 3*w**3 + 91*w**2 + 422*w + 14937. Give x(-31).
-67
Let x(b) = 18044*b - 288701. What is x(16)?
3
Let f(s) = s**3 - 222*s**2 + 688*s - 103206. Give f(221).
1
Let z(l) = 22*l**3 - 221*l**2 - 89*l + 560. Calculate z(10).
-430
Let u(l) = -71001*l + 2982045. Give u(42).
3
Let j(m) = -1613677*m - 14523097. What is j(-9)?
-4
Let w(f) = 28*f**3 + 257*f**2 + 46*f + 43. Determine w(-9).
34
Let h(l) = -4*l**2 - 1045*l - 61403. Calculate h(-172).
1
Let c(t) = 8*t**3 - 206*t**2 + 186*t - 112. Calculate c(25).
788
Let l(m) = -393*m + 5389. What is l(13)?
280
Let f(m) = 6266*m + 43714. Calculate f(-7).
-148
Let h(k) = k**2 - 1371*k + 66060. Give h(50).
10
Let u(h) = -5*h**2 - 178*h - 4837. Determine u(-22).
-3341
Let p(r) = -20*r**3 - 11*r**2 + 5*r - 4. Calculate p(4).
-1440
Let d(p) = -4977*p - 40066. Calculate d(-8).
-250
Let o(s) = -s**3 - 36*s**2 + 325*s + 3. What is o(7)?
171
Let i(f) = 32*f**2 - 532*f - 4256. What is i(-8)?
2048
Let o(y) = 69*y - 405. What is o(12)?
423
Let c(y) = -17*y**3 + 237*y**2 + 125*y - 1920. Calculate c(14).
-366
Let c(w) = -3991*w - 486910. Determine c(-122).
-8
Let l(n) = -4763*n + 23982. Calculate l(5).
167
Let j(c) = -2*c**2 - 268*c + 4632. Determine j(-148).
488
Let i(v) = v**3 - 17*v**2 - 6*v + 25. Determine i(18).
241
Let r(q) = -q**3 + 25*q**2 - 56*q + 141. What is r(21)?
729
Let i(n) = -21944*n - 6824589. Give i(-311).
-5
Let z(c) = 30*c**2 + 766*c + 406. Determine z(-25).
6
Let n(z) = z**3 - 35*z**2 + 228*z - 7344. Determine n(34).
-748
Let b(d) = 69*d**2 - 34129*d + 223023. Determine b(488).
7
Let j(a) = -a**3 - 14*a**2 + 455*a + 258. Determine j(16).
-142
Let i(b) = b**3 - 18*b**2 + 287*b - 3659. Give i(15).
-29
Let m(z) = 1149*z - 662789. Determine m(577).
184
Let j(b) = 153*b - 29722. Give j(190).
-652
Let u(x) = -x**2 - 515*x - 20277. What is u(-43)?
19
Let d(s) = 15*s**2 + 439*s + 2540. What is d(-8)?
-12
Let z(l) = 14*l**2 - 157*l - 1172. Determine z(-9).
1375
Let k(g) = 29*g**3 + 10*g**2 - 172*g - 939. Calculate k(-5).
-3454
Let c(h) = 6*h**2 + 3764*h - 13907. Determine c(-631).
-25
Let j(v) = -58586*v + 234264. Give j(4).
-80
Let d(k) = 9*k**3 + 220*k**2 + 34*k - 1459. Give d(-24).
29
Let u(k) = 135*k + 38061. Give u(-282).
-9
Let f(w) = -3*w**3 + 141*w**2 + 18*w - 158. Calculate f(1).
-2
Let o(b) = b**3 - 283*b**2 + 1387*b + 770. Calculate o(278).
-64
Let o(j) = j**2 + 789*j - 29829. Determine o(36).
-129
Let m(i) = -i**3 - 23*i**2 + 6764*i + 109983. Determine m(-16).
-33
Let x(a) = 171*a - 3061. What is x(23)?
872
Let y(d) = -1384*d**2 - 5609*d - 16. Calculate y(-4).
276
Let v(r) = -1675*r**3 - 4*r**2 - 6*r + 1. Determine v(1).
-1684
Let r(k) = -1578*k - 3150. What is r(-2)?
6
Let r(a) = -151*a + 40403. Give r(267).
86
Let f(w) = 22*w**2 - 25739*w + 51386. What is f(2)?
-4
Let y(s) = -s**3 + 207*s**2 + 216*s - 1544. Determine y(208).
120
Let h(z) = 10*z**2 + 1512*z + 1227. What is h(-149)?
-2051
Let p(o) = 22*o**3 - 5*o**2 - 24*o + 19. What is p(5)?
2524
Let k(o) = 7